) = 15*v**3 + 282*v**2 - 353*v + 167. Give h(-20).
27
Let y(l) = -7*l**3 - 2531*l**2 - 3960*l + 21. Calculate y(-360).
21
Let f(c) = -21*c**3 - 18*c**2 - 307*c - 293. What is f(-1)?
17
Let n(f) = 11*f**3 - 3345*f**2 + 264*f + 12148. Calculate n(304).
-12
Let x(o) = -11108*o - 6942488. Determine x(-625).
12
Let y(x) = -x**2 - 194*x - 6922. Determine y(-46).
-114
Let z(r) = -309*r + 2368. Give z(5).
823
Let n(j) = 13*j**2 - 60*j - 92. Give n(-5).
533
Let d(m) = -4*m**2 + 374*m + 1917. Determine d(98).
153
Let w(u) = 20*u**3 + 149*u**2 + 36*u. Calculate w(-7).
189
Let j(a) = -36*a - 821. Determine j(-8).
-533
Let q(m) = 189*m + 1184. Give q(-7).
-139
Let u(i) = -i**3 - 28*i**2 - 16*i + 172. What is u(-25)?
-1303
Let a(x) = -x**2 - 47413*x + 189663. What is a(4)?
-5
Let q(p) = -508777*p - 7631646. Calculate q(-15).
9
Let s(t) = -198*t - 2663. Calculate s(-13).
-89
Let x(p) = 4*p**2 + 44*p + 167. Determine x(-17).
575
Let k(r) = -r**3 + 69*r**2 - 568*r - 455. Give k(59).
843
Let c(h) = -113*h + 13915. Calculate c(119).
468
Let l(u) = -u**3 + 5*u**2 + 49*u + 287. Give l(-8).
727
Let x(r) = 52*r**2 - 2971*r + 407. Calculate x(57).
8
Let k(t) = -192*t + 43436. Give k(225).
236
Let u(c) = 5*c**3 - 412*c**2 + 545*c + 1786. Determine u(81).
4
Let t(b) = -4*b**2 - 68*b + 3057. Determine t(30).
-2583
Let f(v) = v**3 - 2*v**2 - 22*v - 1136. Give f(12).
40
Let f(d) = -2*d**2 + 261*d + 1227. What is f(135)?
12
Let j(c) = -3359*c + 1756768. Calculate j(523).
11
Let g(j) = -9684*j + 48450. Calculate g(5).
30
Let i(t) = 10*t**3 - 136*t**2 + 29*t - 75. Determine i(13).
-712
Let m(v) = -114*v - 2176. Determine m(-28).
1016
Let y(g) = g**3 - 453*g**2 - 8286*g + 3460. What is y(-18)?
4
Let s(o) = 35*o**2 + 1587*o - 1035. Determine s(-46).
23
Let x(f) = 108549*f - 108554. Calculate x(1).
-5
Let v(w) = 129229*w - 129254. What is v(1)?
-25
Let s(c) = -7*c**3 + 16*c**2 + 148*c - 79. Determine s(-10).
7041
Let j(o) = -o**2 - 483*o - 14480. Give j(-32).
-48
Let k(p) = -19442*p - 349990. Determine k(-18).
-34
Let d(f) = 172*f + 1277. Give d(-22).
-2507
Let f(c) = 49*c**2 - 94*c - 618. Give f(-4).
542
Let y(n) = -n**2 + 22919*n + 2140119. What is y(-93)?
3
Let c(b) = -501*b + 64676. Give c(130).
-454
Let v(s) = -25657*s + 384738. Calculate v(15).
-117
Let h(a) = -9*a**3 - 74*a**2 + 917*a + 38. What is h(-15)?
8
Let q(z) = 2301229*z - 6903720. What is q(3)?
-33
Let n(j) = -476*j - 169939. What is n(-357)?
-7
Let k(i) = -1207*i - 5016. Determine k(-9).
5847
Let t(h) = 33*h**2 - 108*h - 15377. What is t(-20)?
-17
Let j(u) = u**2 + 23*u + 733. Calculate j(-14).
607
Let d(g) = -4*g**3 + 301*g**2 - 66*g - 857. Determine d(75).
-182
Let x(k) = -3*k**3 - 579*k**2 - 21720*k + 870. Calculate x(-142).
18
Let n(v) = -870*v**3 - v**2 - 1341*v + 1343. Give n(1).
-869
Let m(n) = 5279*n - 21124. Calculate m(4).
-8
Let y(u) = 103735*u + 207468. What is y(-2)?
-2
Let g(x) = -289*x + 15698. What is g(55)?
-197
Let v(g) = g**3 - 488*g**2 + 141*g - 549242. Calculate v(490).
48
Let y(d) = 10*d**2 + 538*d + 5010. Determine y(-42).
54
Let l(p) = -14*p**2 + 13*p - 3138. Determine l(0).
-3138
Let m(h) = -307*h**3 - 1192*h**2 + 15*h + 47. Determine m(-4).
563
Let b(u) = 62492*u - 10. Calculate b(0).
-10
Let i(p) = 2*p**3 - 20*p**2 - 188*p + 1197. Determine i(14).
133
Let w(m) = 474*m + 88788. Give w(-187).
150
Let h(z) = z**3 + 486*z**2 + 4048*z + 1490722. Give h(-484).
2
Let w(a) = -2*a**3 - 2473*a**2 - 1550*a - 388111. Calculate w(-1236).
-7
Let v(c) = -619*c - 12380. Determine v(-20).
0
Let t(f) = -f**3 - 21*f**2 - 79*f - 511. Calculate t(-19).
268
Let j(g) = 13*g**2 - 300*g + 85. Determine j(23).
62
Let b(a) = -36*a**2 - 488*a - 105. Calculate b(-14).
-329
Let c(u) = u**2 - 614*u + 45857. Determine c(87).
8
Let v(r) = 4*r**3 - 430*r**2 + 216*r - 562. What is v(107)?
-348
Let z(q) = q**3 + 87*q**2 - 1071*q + 713. Determine z(-98).
27
Let i(d) = 289*d**2 + 18*d - 29. What is i(3)?
2626
Let c(x) = -1273*x - 513014. Calculate c(-403).
5
Let a(p) = -p**2 - 18988*p + 151955. Give a(8).
-13
Let m(x) = -x**3 - 94*x**2 + 26*x - 6627. What is m(-95)?
-72
Let o(f) = 2*f**3 + 72*f**2 - 42*f + 1188. What is o(-37)?
4
Let f(z) = -14*z**3 - 110*z**2 + 19*z + 33. Determine f(-8).
9
Let o(l) = -l**3 + 133*l**2 - 1386*l + 2410. Determine o(9).
-20
Let k(y) = 34*y + 701. Determine k(-24).
-115
Let r(w) = 2660*w - 617119. Determine r(232).
1
Let i(a) = 19*a**2 + 336*a + 735. Calculate i(-13).
-422
Let s(w) = -759*w + 3957. What is s(5)?
162
Let n(y) = -4*y**3 + 27*y**2 + 8*y - 65. Give n(7).
-58
Let y(z) = 9701*z - 591741. Determine y(61).
20
Let c(f) = 2*f**2 + 77*f - 4873. Determine c(-67).
-1054
Let p(l) = -3880*l - 46531. Determine p(-12).
29
Let p(b) = b**3 + 45*b**2 + 339*b + 664. Determine p(-36).
124
Let x(q) = q**2 + 3907*q - 39145. Calculate x(10).
25
Let x(d) = 12942*d - 12023133. Determine x(929).
-15
Let a(r) = 544*r - 55394. What is a(103)?
638
Let x(q) = 122*q - 18278. Give x(153).
388
Let s(k) = 608*k - 115041. Determine s(188).
-737
Let g(u) = u**2 + 163*u + 5374. Determine g(-75).
-1226
Let g(i) = 9*i**3 - 120*i**2 + 62*i - 332. Give g(13).
-33
Let g(k) = -1970*k + 7878. What is g(4)?
-2
Let p(a) = -3*a**2 + 75014*a + 600307. What is p(-8)?
3
Let g(b) = -5*b**3 + 118*b**2 - 563*b - 90. Calculate g(6).
-300
Let c(s) = -s**3 + 272*s**2 - 8273*s - 841. Calculate c(35).
-71
Let m(p) = -31*p**2 - 6716*p + 1554. Determine m(-217).
-833
Let w(z) = 18136*z + 72557. Give w(-4).
13
Let q(h) = -h**3 + 13*h**2 - 27*h - 78. Give q(8).
26
Let f(u) = 3*u**3 - 37*u**2 + 74*u - 590. Calculate f(11).
-260
Let p(n) = 56*n**2 + 5654*n - 207. Calculate p(-101).
-5
Let w(u) = -53*u**2 + 2849*u + 700. Determine w(54).
-2
Let y(f) = 2*f**2 - 75183*f - 6404995. Give y(-85).
10
Let t(n) = n**2 - 26*n - 3839. Give t(77).
88
Let z(i) = -3*i**2 - 30184*i - 181141. Calculate z(-6).
-145
Let w(p) = -p**3 + 18*p**2 + 269*p + 48. Calculate w(-12).
1140
Let h(j) = 529*j + 1769. Determine h(-2).
711
Let a(q) = 17*q**2 - 2269*q + 1119. What is a(133)?
55
Let h(n) = 6090209*n - 24360829. Determine h(4).
7
Let u(l) = -l**2 + 149*l - 1496. Determine u(23).
1402
Let a(m) = -150*m + 2508. What is a(14)?
408
Let b(a) = 9*a + 2486. What is b(-49)?
2045
Let l(j) = -3*j**3 - 246*j**2 - 5003*j + 1577. Calculate l(-42).
23
Let f(i) = -173*i**2 + 1943*i + 1593. What is f(12)?
-3
Let t(n) = 142*n - 2320. Determine t(18).
236
Let p(f) = f**3 - 43*f**2 - 736*f - 31. What is p(56)?
-479
Let i(d) = -3*d**3 - 156*d**2 + 6*d + 352. What is i(-52)?
40
Let x(y) = 3*y**2 + 23069*y + 207419. Determine x(-9).
41
Let k(r) = r**3 - 86*r**2 - 8543*r + 56129. What is k(143)?
73
Let r(y) = -y**3 - 108*y**2 - 3*y + 206. Give r(-108).
530
Let x(m) = 2304*m + 39796. Determine x(-18).
-1676
Let g(x) = -x**3 - 158*x**2 - 1349*x + 78. What is g(-9)?
150
Let f(m) = 2*m**2 + 69*m - 21371. Determine f(86).
-645
Let d(h) = h**2 - 5656*h - 153412. Calculate d(-27).
29
Let y(c) = -c**3 + 583*c**2 + 36512*c + 1829. Calculate y(-57).
5
Let l(s) = -3*s**3 + 132*s**2 - 691*s + 41. Give l(6).
-1
Let a(w) = -9515*w - 19174. What is a(-2)?
-144
Let f(a) = 55741*a + 4960961. What is f(-89)?
12
Let g(c) = -4*c**2 - 2298*c + 116836. What is g(47)?
-6
Let y(k) = 6*k**2 - 2335*k + 4664. Give y(2).
18
Let c(i) = -2*i**3 + 50*i**2 + 131*i + 61. Calculate c(28).
-975
Let l(r) = -65097*r + 3970921. Determine l(61).
4
Let s(y) = -26*y**3 + 22*y**2 - 40*y + 211. Give s(5).
-2689
Let p(w) = -459*w - 146473. Determine p(-323).
1784
Let i(k) = -477*k - 15730. Determine i(-33).
11
Let k(g) = -183*g**2 - 105*g + 577. What is k(5)?
-4523
Let s(f) = -3*f**3 - 2547*f**2 - 12772*f - 94531. Determine s(-844).
-3
Let a(b) = -95097*b**2 - 1331356*b + 8. What is a(-14)?
-20
Let q(n) = -6428*n - 147840. Determine q(-23).
4
Let n(z) = -2*z**2 - 37*z - 53. Determine n(-23).
-260
Let g(a) = a**2 - 32519*a + 4275082. What is g(132)?
-2
Let j(p) = 4*p**3 - 131*p - 354. Calculate j(-3).
-69
Let m(u) = u**3 + 22*u**2 - 4243*u - 85681. Calculate m(-20).
-21
Let x(n) = -n**3 + 27*n**2 - 5134*n + 144495. Calculate x(28).
-41
Let k(i) = 248329*i + 7201517. Give k(-29).
-24
Let s(o) = 93*o - 33. Calculate s(2).
153
Let u(l) = -180*l + 7626. What is u(41)?
246
Let i(k) = -13*k**2 - 849*k - 7199. Determine i(-10).